visor of 5 and 1945.
5
What is the greatest common divisor of 1125 and 18?
9
Calculate the highest common divisor of 16 and 46376.
8
What is the greatest common divisor of 182 and 14?
14
What is the highest common factor of 13 and 1430?
13
What is the highest common factor of 104 and 10036?
52
Calculate the greatest common divisor of 143 and 506.
11
What is the highest common factor of 312 and 56?
8
Calculate the highest common divisor of 47 and 1175.
47
What is the greatest common factor of 18607 and 23?
23
What is the greatest common divisor of 752 and 112?
16
What is the greatest common factor of 15 and 2895?
15
What is the greatest common divisor of 82 and 74?
2
What is the greatest common factor of 5404 and 56?
28
Calculate the highest common divisor of 507 and 39.
39
Calculate the highest common divisor of 115 and 391.
23
Calculate the highest common factor of 1332 and 60.
12
What is the greatest common divisor of 87634 and 86?
86
Calculate the highest common divisor of 368 and 146.
2
Calculate the highest common factor of 62 and 682.
62
Calculate the greatest common divisor of 5888 and 69.
23
Calculate the highest common divisor of 15841 and 4088.
511
Calculate the greatest common factor of 924 and 2604.
84
What is the greatest common factor of 600 and 360?
120
Calculate the highest common divisor of 196 and 56.
28
Calculate the highest common divisor of 625 and 1375.
125
What is the highest common divisor of 8 and 76?
4
What is the highest common divisor of 124 and 4?
4
Calculate the greatest common divisor of 72 and 120.
24
What is the greatest common divisor of 584 and 8?
8
Calculate the greatest common divisor of 42 and 896.
14
Calculate the greatest common factor of 336 and 399.
21
Calculate the greatest common factor of 8 and 240.
8
What is the greatest common factor of 77 and 35?
7
Calculate the greatest common divisor of 6876 and 18.
18
Calculate the highest common divisor of 17 and 5.
1
What is the greatest common divisor of 612 and 81?
9
Calculate the greatest common factor of 252 and 24612.
84
What is the greatest common divisor of 5305 and 1?
1
Calculate the highest common factor of 946 and 44.
22
Calculate the greatest common divisor of 224 and 28.
28
What is the greatest common factor of 55 and 2365?
55
Calculate the greatest common factor of 190 and 1615.
95
What is the greatest common factor of 725 and 348?
29
Calculate the greatest common factor of 2478 and 42.
42
Calculate the greatest common divisor of 12 and 23.
1
What is the greatest common factor of 85 and 34?
17
What is the highest common factor of 14220 and 150?
30
What is the highest common divisor of 108 and 3012?
12
What is the highest common factor of 161 and 1380?
23
Calculate the greatest common divisor of 77 and 20867.
77
What is the greatest common divisor of 110 and 352?
22
What is the highest common factor of 20 and 20?
20
What is the highest common factor of 18984 and 113?
113
Calculate the highest common factor of 17 and 1513.
17
Calculate the highest common factor of 1802 and 102.
34
Calculate the greatest common factor of 37 and 3182.
37
Calculate the greatest common divisor of 91 and 1976.
13
Calculate the highest common factor of 3 and 1929.
3
What is the highest common factor of 11 and 506?
11
What is the greatest common factor of 4256 and 56?
56
Calculate the greatest common divisor of 26 and 247.
13
What is the highest common factor of 3036 and 264?
132
What is the highest common factor of 4887 and 362?
181
Calculate the greatest common divisor of 145 and 18995.
145
Calculate the highest common factor of 132 and 84.
12
Calculate the highest common divisor of 27250 and 109.
109
Calculate the greatest common divisor of 1519 and 3255.
217
What is the greatest common factor of 2812 and 304?
76
What is the greatest common divisor of 336 and 14?
14
Calculate the greatest common divisor of 585 and 39.
39
What is the highest common factor of 4508 and 276?
92
What is the greatest common factor of 36 and 468?
36
What is the highest common divisor of 392 and 245?
49
Calculate the highest common divisor of 531 and 118.
59
Calculate the highest common divisor of 156 and 444.
12
Calculate the highest common factor of 3139 and 86.
43
Calculate the highest common factor of 514 and 38.
2
What is the greatest common divisor of 87 and 3567?
87
Calculate the highest common divisor of 38 and 475.
19
What is the highest common factor of 2249 and 39?
13
What is the highest common factor of 8072 and 8?
8
What is the highest common divisor of 328 and 1025?
41
Calculate the highest common factor of 16 and 9104.
16
Calculate the highest common divisor of 826 and 14.
14
What is the greatest common factor of 2451 and 258?
129
What is the highest common divisor of 132 and 341?
11
Calculate the greatest common divisor of 11 and 2827.
11
Calculate the highest common factor of 3314 and 4.
2
Calculate the greatest common divisor of 390 and 702.
78
Calculate the highest common divisor of 6 and 96.
6
Calculate the highest common divisor of 38 and 6.
2
Calculate the highest common divisor of 1235 and 65.
65
What is the greatest common factor of 7 and 11?
1
Calculate the highest common factor of 2200 and 20.
20
Calculate the highest common factor of 38 and 8.
2
Calculate the highest common divisor of 6885 and 15.
15
Calculate the greatest common factor of 1469 and 226.
113
What is the highest common factor of 9 and 387?
9
Calculate the highest common factor of 2 and 22.
2
What is the greatest common divisor of 15 and 20?
5
What is the greatest common factor of 6 and 1038?
6
Calculate the highest common factor of 5 and 847.
1
What is the greatest common divisor of 83 and 1743?
83
What is the highest common divisor of 19 and 152?
19
Calculate the highest common factor of 350 and 5.
5
Calculate the highest common divisor of 774 and 301.
43
Calculate the highest common divisor of 19 and 1.
1
Calculate the greatest common divisor of 171 and 639.
9
Calculate the highest common divisor of 728 and 35.
7
What is the highest common factor of 132 and 66?
66
What is the highest common factor of 17060 and 40?
20
What is the highest common divisor of 9 and 51?
3
What is the highest common divisor of 689 and 53?
53
What is the greatest common divisor of 72 and 528?
24
Calculate the highest common divisor of 147 and 196.
49
What is the greatest common factor of 60 and 570?
30
Calculate the greatest common divisor of 21 and 28749.
21
Calculate the greatest common divisor of 36 and 128.
4
What is the greatest common factor of 35 and 1071?
7
Calculate the greatest common divisor of 203 and 15225.
203
Calculate the highest common factor of 1634 and 38.
38
Calculate the greatest common divisor of 391 and 46.
23
What is the highest common factor of 7 and 49?
7
Calculate the greatest common factor of 112717 and 11.
11
Calculate the greatest common divisor of 75 and 1175.
25
Calculate the highest common factor of 330 and 462.
66
What is the greatest common factor of 78 and 234?
78
What is the greatest common divisor of 48 and 5220?
12
Calculate the greatest common divisor of 80 and 10192.
16
What is the greatest common divisor of 111 and 9?
3
Calculate the highest common factor of 59 and 767.
59
What is the highest common factor of 18 and 30?
6
Calculate the greatest common divisor of 200 and 950.
50
What is the highest common divisor of 200 and 1720?
40
What is the greatest common divisor of 30 and 36?
6
What is the highest common factor of 199 and 1?
1
What is the greatest common factor of 104 and 78?
26
Calculate the greatest common factor of 5600 and 25.
25
Calculate the highest common divisor of 10 and 2205.
5
Calculate the greatest common factor of 24 and 564.
12
What is the greatest common divisor of 1800 and 15?
15
What is the greatest common factor of 6174 and 252?
126
Calculate the greatest common divisor of 86 and 817.
43
What is the highest common divisor of 12 and 3788?
4
Calculate the highest common factor of 2058 and 42.
42
What is the greatest common factor of 93 and 1581?
93
What is the highest common divisor of 9 and 72?
9
Calculate the highest common factor of 66 and 506.
22
Calculate the highest common factor of 1328 and 581.
83
What is the highest common factor of 1332 and 36?
36